{"id":687,"date":"2015-07-27T13:42:46","date_gmt":"2015-07-27T11:42:46","guid":{"rendered":"http:\/\/www.ggs-oberwinzerfeld.de\/?page_id=687"},"modified":"2022-08-07T12:50:59","modified_gmt":"2022-08-07T10:50:59","slug":"aktuelles","status":"publish","type":"page","link":"https:\/\/www.ggs-oberwinzerfeld.de\/?page_id=687","title":{"rendered":"Konzepte"},"content":{"rendered":"<p><strong><span style=\"font-size: large;\">Konzept zum Lernen auf Distanz der GGS Oberwinzerfeld ( Stand Januar 2021)<\/span><\/strong><\/p>\n<ol>\n<li><strong><span style=\"font-size: medium;\"><u>Grundlage und Zielsetzung<\/u><\/span><\/strong><\/li>\n<\/ol>\n<p>F\u00fcr das Schuljahr 2020\/21 wird der Unterricht an der GGS Oberwinzerfeld nach regul\u00e4ren Bedingungen geplant. Alle SuS werden dabei gem\u00e4\u00df den geltenden Fachanforderungen in allen F\u00e4chern im Pr\u00e4senzunterricht beschult. Da die Entwicklung des Pandemiegeschehens Einschr\u00e4nkungen des geplanten Pr\u00e4senzunterrichts erforderlich machen, haben wir mit dem Konzept \u201eLernen auf Distanz\u201c einen verbindlichen Rahmen geschaffen, der unseren SuS, ihren Eltern und auch den Lehrkr\u00e4ften als klare einheitliche Richtlinie dient. Ziel ist es, die Kommunikation und Zusammenarbeit zwischen den Lehrkr\u00e4ften und SuS zu vereinheitlichen, eine Verbindlichkeit zu schaffen und damit eine klare Strukturierung und Rhythmisierung der schulischen Arbeit im h\u00e4uslichen Umfeld zu erreichen.<\/p>\n<p>Unser schulisches Konzept zum \u201eLernen auf Distanz\u201c baut auf den Erfahrungen auf, die wir in -der Phase der coronabedingten Schulschlie\u00dfung im Schuljahr 2019\/20 gesammelt haben. Grundlegend sind dabei die R\u00fcckmeldungen, die wir von den SuS, ihren Eltern und den Lehrkr\u00e4ften erhalten haben.<\/p>\n<ol start=\"2\">\n<li><strong><span style=\"font-size: medium;\"><u>Rechtliche Vorgaben<\/u><\/span><\/strong><\/li>\n<\/ol>\n<p>Alle Lehrkr\u00e4fte sind dienstrechtlich verpflichtet, Distanzunterricht gem\u00e4\u00df den Vorgaben durchzuf\u00fchren. Sie dokumentieren den Distanzunterricht verbindlich im Klassenbuch und halten auch hier die Teilnahme der SuS fest. Die Bewertung der Leistungen der SuS gem\u00e4\u00df den Vorgaben und Absprachen innerhalb der Fachkonferenzen bzw. Jahrgangskonferenzen erfolgt durch die Lehrkr\u00e4fte. Alle SuS unterliegen der Schulpflicht und sind damit zur Teilnahme am Distanzunterricht verpflichtet. Sie erhalten f\u00fcr ihre Leistungen im Distanzunterricht eine Bewertung.<\/p>\n<ol start=\"3\">\n<li style=\"list-style-type: none;\">\n<ol>\n<li><strong><span style=\"font-size: medium;\"><u>Ausgangssituation in der Schule<\/u><\/span><\/strong><\/li>\n<\/ol>\n<\/li>\n<\/ol>\n<ul>\n<li><span style=\"font-size: medium;\">Personalsituation<\/span><\/li>\n<\/ul>\n<p><span style=\"font-size: medium;\">KlassenlehrerInnen, Sonderp\u00e4dagogin, Sozialp\u00e4dagogin, Sozialarbeiter und Fachlehrer arbeiten stets in festen Klassen- und Jahrgangsteams zusammen. Im Falle der Schlie\u00dfung einer Lerngruppe ist das gesamte Klassenteam verantwortlich f\u00fcr die weitere Beschulung der Kinder. <\/span><\/p>\n<ul>\n<li><span style=\"font-size: medium;\">Technische Ressourcen<\/span><\/li>\n<\/ul>\n<p><span style=\"font-size: medium;\">Leider gibt es an unserer Schule keine mobilen Endger\u00e4te, die an SuS bei Bedarf ausgeliehen werden k\u00f6nnten, da auch die Ger\u00e4te aus dem Sofortma\u00dfnahmenprogramm weder f\u00fcr SuS noch f\u00fcr LuL geliefert worden sind. Die KollegInnen nutzen ihre eigenen privaten Endger\u00e4te. Drei Klassens\u00e4tze des Rechentrainers \u201eLittle Professor\u201c stehen zur Verf\u00fcgung.<\/span><\/p>\n<ul>\n<li><span style=\"font-size: medium;\">Anwendungstools<\/span><\/li>\n<\/ul>\n<p><span style=\"font-size: medium;\">Als Videoplattform wird zurzeit \u201eJitsi\u201c erprobt. <\/span><\/p>\n<p><span style=\"font-size: medium;\">Im Jahrgang 4 wird aktuell Moodle und \u201ePadlet\u201c als sog. \u201edigitale Pinwand\u201c in den Klassen erprobt. Zuk\u00fcnftig m\u00f6chten wir Logineo lms nutzen.<\/span><\/p>\n<p><span style=\"font-size: medium;\">Lernmittel digital: ANTON APP, Antolin<\/span><\/p>\n<p><span style=\"font-size: medium;\">Analog: Arbeitshefte und Arbeitsbl\u00e4tter, Papier, Lehrwerke<\/span><\/p>\n<ol start=\"3\">\n<li style=\"list-style-type: none;\">\n<ol>\n<li><strong><span style=\"font-size: medium;\"><u>Ausgangssituation in der h\u00e4uslichen Lernumgebung<\/u><\/span><\/strong><\/li>\n<\/ol>\n<\/li>\n<\/ol>\n<ul>\n<li><span style=\"font-size: medium;\">Erreichbarkeit der SuS: Die Telefonnummern der Familien sind stets auf dem aktuellen Stand. Die Adressen sind bekannt und meist in Schuln\u00e4he, so dass Kinder ohne Email per Posteinwurf zu erreichen sind.<\/span><\/li>\n<li><span style=\"font-size: medium;\">Fast alle Familien verf\u00fcgen mittlerweile \u00fcber eine Emailadresse. Denjenigen, die immer noch nicht \u00fcber eine Emailadresse verf\u00fcgen, soll nahegelegt werden, dass die Erreichbarkeit per Email im Distanzlernen von Vorteil ist und somit die Einrichtung einer Emailadresse w\u00fcnschenswert ist. Hilfestellungen hierbei sind durch den Schulsozialarbeiter m\u00f6glich.<\/span><\/li>\n<li><span style=\"font-size: medium;\">Technische Ressourcen: Die Abfrage bei allen Eltern ist erfolgt. Leider k\u00f6nnen immer noch keine Ger\u00e4te ausgeliehen werden, weil keine Ger\u00e4te geliefert wurden, Stand Januar 2021. <\/span><\/li>\n<li><span style=\"font-size: medium;\">Die Einverst\u00e4ndniserkl\u00e4rungen f\u00fcr die Nutzung des Videoportals Jitsi und des Padlets und Moodle liegen vor.<\/span><\/li>\n<\/ul>\n<ol start=\"4\">\n<li><strong><span style=\"font-size: medium;\"><u>Didaktisches Konzept<\/u><\/span><\/strong><\/li>\n<\/ol>\n<p><span style=\"font-size: medium;\"><b>Aufgaben \/Arbeitspl\u00e4ne<\/b><\/span><\/p>\n<ul>\n<li><span style=\"font-size: medium;\">werden w\u00f6chentlich, jeweils montags zu verschiedenen Zeiten, an unterschiedlichen Orten von den jeweiligen Jahrgangsstufen in der Schule abgeholt. Es wird bei der Organisation auf Kontaktvermeidung geachtet. Der Kontakt auf Distanz von SuS und den LuL ist ausdr\u00fccklich erw\u00fcnscht und dient der Beziehungspflege, Aufmunterung und Probleml\u00f6sung und Motivation.<\/span><\/li>\n<li><span style=\"font-size: medium;\">enthalten eine Angabe zum zeitlichen Rahmen.<\/span><\/li>\n<li><span style=\"font-size: medium;\">werden nicht in vollem Umfang der regul\u00e4ren Unterrichtszeit gestellt, sondern ber\u00fccksichtigen erh\u00f6hte organisatorische Anforderungen und evtl. technische Schwierigkeiten.<\/span><\/li>\n<li><span style=\"font-size: medium;\">werden differenziert angeboten, so dass sie f\u00fcr alle SuS zu bew\u00e4ltigen sind.<\/span><\/li>\n<li><span style=\"font-size: medium;\">enthalten auch sportliche und k\u00fcnstlerische Aufgaben, die SuS Freude bereiten.<\/span><\/li>\n<\/ul>\n<p><strong><span style=\"font-size: medium;\">Abgabe von Aufgaben<\/span><\/strong><\/p>\n<ul>\n<li><span style=\"font-size: medium;\">Erfolgt mit einer Frist von max. 1 Woche (Wochenplan)<\/span><\/li>\n<li><span style=\"font-size: medium;\">Erfolgt in g\u00e4ngigen Formaten. Handschriftliche Unterrichtsergebnisse werden am Montag zur\u00fcckgegeben im Austausch mit neuen Aufgaben.<\/span><\/li>\n<li><span style=\"font-size: medium;\">erfolgt \u00fcber die Abgabefunktion des Aufgabenmoduls, Hochladen \u00fcber Moodle, das Klassenpadlet oder per Mail an die Klassenleitung<\/span><\/li>\n<\/ul>\n<p><strong><span style=\"font-size: medium;\">Feedback<\/span><\/strong><\/p>\n<ul>\n<li><span style=\"font-size: medium;\">Die SuS und die Eltern sollen zu den einzelnen Aufgaben ein Feedback auf dem Wochenplan notieren, damit die Lehrkraft einsch\u00e4tzen kann, ob die Aufgaben vom Sch\u00fcler gut bew\u00e4ltigt werden konnten. Anschlie\u00dfend gibt die Lehrkraft ihr Feedback zu den erledigten Aufgaben. Mit den neuen Aufgaben erh\u00e4lt der S dieses Lehrerfeedback. Falls erforderlich bereits eher telefonisch.<\/span><\/li>\n<\/ul>\n<p><strong><span style=\"font-size: medium;\">Leistungsbewertung<\/span><\/strong><\/p>\n<p><em><span style=\"font-size: medium;\">In der Schuleingangsphase<\/span><\/em><\/p>\n<ul>\n<li><span style=\"font-size: medium;\">Kontrolle der analog bzw. digital r\u00fcckgemeldeten Ergebnisse der Wochenarbeitspl\u00e4ne in der jeweiligen nachfolgenden Woche.<\/span><\/li>\n<li><span style=\"font-size: medium;\">Heranziehung von m\u00fcndlichen Aussagen der SuS bei den reglm\u00e4\u00dfigen pers\u00f6nlichen Kontakten (Telefon, Videokonferenz) f\u00fcr die Einsch\u00e4tzung des Leistungsstandes<\/span><\/li>\n<\/ul>\n<p><em><span style=\"font-size: medium;\">In den Jahrgangsstufen 3 und insbesondere 4<\/span><\/em><\/p>\n<ul>\n<li><span style=\"font-size: medium;\">siehe Schuleingangsphase<\/span><\/li>\n<li><span style=\"font-size: medium;\">bei l\u00e4nger andauerndem Lockdown werden ggf. unter Ber\u00fccksichtigung der Vorgaben des Infektionsschutzgesetzes Klassenarbeiten und Testsituationen in der Schule (z.B. in der Turnhalle, mehrere kleinere Gruppen in verschiedenen Klassenr\u00e4umen)<\/span><\/li>\n<\/ul>\n<p><strong><span style=\"font-size: medium;\">Unterricht aus der Distanz<\/span><\/strong><\/p>\n<ul>\n<li><span style=\"font-size: medium;\">setzt regelm\u00e4\u00dfigen Kontakt zwischen Lehrkraft und SuS verbindlich voraus.<\/span><\/li>\n<li><span style=\"font-size: medium;\">sieht regelm\u00e4\u00dfigen Kontakt jeweils montags bei der Materialaus-bzw. -abgabe vor<\/span><\/li>\n<li><span style=\"font-size: medium;\">sieht regelm\u00e4\u00dfige Telefonate dienstags bis freitags in der Zeit von 9 \u2013 11 Uhr vor. Entweder rufen die SuS auf dem Klassenhandy an oder die LuL rufen die SuS an. <\/span><\/li>\n<li><span style=\"font-size: medium;\">sieht die M\u00f6glichkeit vor, regelm\u00e4\u00dfig in Videokonferenzen Unterst\u00fctzung beim Lernen zu erhalten.<\/span><\/li>\n<\/ul>\n<p><strong><span style=\"font-size: medium;\">Kommunikation<\/span><\/strong><\/p>\n<ul>\n<li><span style=\"font-size: medium;\">erfolgt \u00fcber den Messenger der Lernplattform oder die Videoplattform Jitsi im Rahmen einer verbindlichen festgelegten Sprechzeit jeder Lehrkraft.<\/span><\/li>\n<li><span style=\"font-size: medium;\">erfolgt per Email bei pers\u00f6nlichen Fragen. Emails werden von Lehrkr\u00e4ften mindestens einmal t\u00e4glich im Rahmen der Sprechzeit beantwortet.<\/span><\/li>\n<li><span style=\"font-size: medium;\">Emails werden einmal t\u00e4glich verbindlich abgerufen und ggf. beantwortet.<\/span><\/li>\n<li><span style=\"font-size: medium;\">erfolgt regelm\u00e4\u00dfig \u00fcber Telefonate im Rahmen der Sprechzeit. Ggf. werden Hausbesuche durchgef\u00fchrt.<\/span><\/li>\n<li><span style=\"font-size: medium;\">Kommunikation mit den Eltern erfolgt per Email, Telefon. Eltern werden regelm\u00e4\u00dfig \u00fcber die Homepage informiert (Transparenz und Sicherheit)<\/span><\/li>\n<li><span style=\"font-size: medium;\">Telefonischer Austausch mit der Schulpflegschaft<\/span><\/li>\n<\/ul>\n<p><strong><span style=\"font-size: medium;\">Unterrichtsgestaltung<\/span><\/strong><\/p>\n<ul>\n<li><span style=\"font-size: medium;\">wird in regelm\u00e4\u00dfigen (digitalen) Treffen der Jahrgangsteams besprochen.<\/span><\/li>\n<\/ul>\n<p><strong><span style=\"font-size: medium;\"><u>5. Evaluation<\/u><\/span><\/strong><\/p>\n<p><span style=\"font-size: medium;\">Eine Evaluation<\/span><\/p>\n<ul>\n<li><span style=\"font-size: medium;\">muss nach jeder Phase des Distanzunterrichts erfolgen<\/span><\/li>\n<li><span style=\"font-size: medium;\">bezieht Lehrkr\u00e4fte, SuS und Eltern ein. <\/span><\/li>\n<li><span style=\"font-size: medium;\">erfolgt in Form von Umfragen<\/span><\/li>\n<li><span style=\"font-size: medium;\">dient als Grundlage zur \u00dcberpr\u00fcfung und Fortschreibung des Konzeptes zum Lernen auf Distanz<\/span><\/li>\n<\/ul>\n<p><strong><span style=\"font-size: medium;\"><u>6.<\/u><u> <\/u><u>Fortbildung von Lehrkr\u00e4ften<\/u><\/span><\/strong><\/p>\n<p><span style=\"font-size: medium;\">Das Lernen auf Distanz stellt nicht nur SuS , sondern auch uns Lehrkr\u00e4fte vor neue Aufgaben. Aufgrund der mangelhaften Ausstattung und nicht ausreichend vorhandenen Fortbildungsangeboten installieren wir im Schuljahr 2020\/21 ein schulinternes Fortbildungssystem. LuL mit Erfahrung im Umgang mit digitalen Medien teilen dabei als Multiplikatoren ihr Wissen und ihre Erfahrungen mit interessierten KollegInnen in kurzen Mikrofortbildungen.<\/span><\/p>\n<p><strong><span style=\"font-size: medium;\"><u>7. Medienkompetenz der Sch\u00fclerinnen und Sch\u00fcler<\/u><\/span><\/strong><\/p>\n<p><span style=\"font-size: medium;\">Lernf\u00f6rderlicher Distanzunterricht und Mischformen aus Distanz- und Pr\u00e4senzunterricht stellen hohe Anforderungen an die Medienkompetenz der SuS.<\/span><\/p>\n<p><span style=\"font-size: medium;\">Hierf\u00fcr gilt der Medienkompetenzrahmen NRW als orientierende Grundlage:<\/span><\/p>\n<ol>\n<li><span style=\"font-size: medium;\">Bedienen und Anwenden (z.B. Informationen systematisch speichern)<\/span><\/li>\n<li><span style=\"font-size: medium;\">Informieren und Recherchieren (z.B. relevante Informationen zusammenstellen)<\/span><\/li>\n<li><span style=\"font-size: medium;\">Kommunizieren und Kooperieren ( z.B. Arbeitsergebnisse mit anderen teilen)<\/span><\/li>\n<li><span style=\"font-size: medium;\">Produzieren und Pr\u00e4sentieren ( z.B. ein Erkl\u00e4rvideo erstellen)<\/span><\/li>\n<li><span style=\"font-size: medium;\">Analysieren und Reflektieren (z.B. Medien kritisch beurteilen)<\/span><\/li>\n<li><span style=\"font-size: medium;\">Probleml\u00f6sen und Modellieren ( z.B. Bedeutung von Algorithmen f\u00fcr soziale Medien reflektieren)<\/span><\/li>\n<\/ol>\n<p><span style=\"font-size: medium;\">Dies bedeutet konkret, dass diese Kompetenzen unter Ber\u00fccksichtigung der Klassenstufe, w\u00e4hrend einzelner Unterrichtsphasen vermittelt werden. Es war uns z.B. wichtig, dass alle Erstkl\u00e4ssler die ANTON APP bedienen und anwenden k\u00f6nnen, um im Falle eines Lockdowns zu Hause damit umgehen zu k\u00f6nnen. Die Vermittlung von weiteren Kompetenzen gestaltet sich aufgrund der mangelhaften Ausstattung der Schule zurzeit schwierig. <\/span><\/p>\n","protected":false},"excerpt":{"rendered":"<p>Konzept zum Lernen auf Distanz der GGS Oberwinzerfeld ( Stand Januar 2021) Grundlage und Zielsetzung F\u00fcr das Schuljahr 2020\/21 wird der Unterricht an der GGS Oberwinzerfeld nach regul\u00e4ren Bedingungen geplant. Alle SuS werden dabei gem\u00e4\u00df den geltenden Fachanforderungen in allen &hellip; <a class=\"more-link\" href=\"https:\/\/www.ggs-oberwinzerfeld.de\/?page_id=687\">Weiterlesen <span class=\"meta-nav\">&rarr;<\/span><\/a><\/p>\n","protected":false},"author":2,"featured_media":0,"parent":0,"menu_order":0,"comment_status":"closed","ping_status":"closed","template":"","meta":[],"_links":{"self":[{"href":"https:\/\/www.ggs-oberwinzerfeld.de\/index.php?rest_route=\/wp\/v2\/pages\/687"}],"collection":[{"href":"https:\/\/www.ggs-oberwinzerfeld.de\/index.php?rest_route=\/wp\/v2\/pages"}],"about":[{"href":"https:\/\/www.ggs-oberwinzerfeld.de\/index.php?rest_route=\/wp\/v2\/types\/page"}],"author":[{"embeddable":true,"href":"https:\/\/www.ggs-oberwinzerfeld.de\/index.php?rest_route=\/wp\/v2\/users\/2"}],"replies":[{"embeddable":true,"href":"https:\/\/www.ggs-oberwinzerfeld.de\/index.php?rest_route=%2Fwp%2Fv2%2Fcomments&post=687"}],"version-history":[{"count":16,"href":"https:\/\/www.ggs-oberwinzerfeld.de\/index.php?rest_route=\/wp\/v2\/pages\/687\/revisions"}],"predecessor-version":[{"id":2141,"href":"https:\/\/www.ggs-oberwinzerfeld.de\/index.php?rest_route=\/wp\/v2\/pages\/687\/revisions\/2141"}],"wp:attachment":[{"href":"https:\/\/www.ggs-oberwinzerfeld.de\/index.php?rest_route=%2Fwp%2Fv2%2Fmedia&parent=687"}],"curies":[{"name":"wp","href":"https:\/\/api.w.org\/{rel}","templated":true}]}}